+ 1239, m - 123 = 2*g + 178. List the prime factors of m.
311
Suppose -f - 5*r = -245, -23*f - 4*r = -22*f - 245. List the prime factors of f.
5, 7
Let u(i) = i. Let j(m) = 4 - 1 - m + 4*m. Let s(d) = -j(d) + 4*u(d). List the prime factors of s(7).
2
Suppose 41*z - q = 37*z + 1805, 2256 = 5*z - q. What are the prime factors of z?
11, 41
Let v(z) = -373*z - 240. What are the prime factors of v(-5)?
5, 13
Suppose 8*k = -k + 13869. List the prime factors of k.
23, 67
Suppose -38*g = -28*g - 32590. What are the prime factors of g?
3259
Let r = -10 - -24. Let x = -11 + r. Suppose v - 4*l = 26, 0*l = x*l + 15. What are the prime factors of v?
2, 3
Suppose -49941 = -4*l - 27*l. What are the prime factors of l?
3, 179
Let k(c) = 2*c - 24. Let z be k(12). Suppose z = -w - 4*t + 146, -3*w - t + 201 = -193. What are the prime factors of w?
2, 5, 13
Suppose 9*d - 132 = 5*d. Suppose 4*v + 93 = 5*c + 2*v, c - 4*v - d = 0. What are the prime factors of c?
17
Let w = 34 + -20. Suppose w*b + 15 = 9*b. What are the prime factors of (0 - -1)*b*-10?
2, 3, 5
Let x(b) = -196*b + 111. What are the prime factors of x(-4)?
5, 179
Suppose l - 3*r - 5003 = -4*r, 4*l = r + 19992. What are the prime factors of l?
4999
Let o = 300 + -136. List the prime factors of o.
2, 41
Let x be (-28)/5 + 4/(-10). Suppose 189 = 5*i - 121. What are the prime factors of (-4)/x*(10 + i)?
2, 3
Let i(w) be the third derivative of -w**6/120 + 2*w**5/15 - w**4/24 - 7*w**3/6 - 3*w**2. List the prime factors of i(7).
5, 7
Let o(q) = -q**3 + 12*q**2 - 5*q + 19. Let b be o(10). Suppose -b = -2*l + 125. What are the prime factors of l?
3, 7
Let x = 69 + 45. Suppose x = 27*d - 24*d. What are the prime factors of d?
2, 19
Let z(c) = 2*c**2 - 6*c + 7. Let p be z(5). Suppose 0 = 2*d - p + 23. Suppose -d*l = -l - 44. What are the prime factors of l?
2, 11
List the prime factors of (8262/21 + -2)/(10/35).
2, 5, 137
Let d(i) = 46*i**2 + i - i - 4*i + 3*i + 1. What are the prime factors of d(1)?
2, 23
Let s(o) = -2360*o - 75. What are the prime factors of s(-2)?
5, 929
Let x(r) = 3*r**2 - 31*r - 39. What are the prime factors of x(-12)?
3, 5, 17
Let x = -2 - 0. Let p = 4 - x. Let h = p + -3. What are the prime factors of h?
3
Suppose -10*n = -15*n + 250. Let s = 48 + n. List the prime factors of s.
2, 7
Suppose 11653 = 36*d - 34859. List the prime factors of d.
2, 17, 19
Let q(n) = -111*n - 637. What are the prime factors of q(-15)?
2, 257
Let v = 64 + -64. What are the prime factors of 121 + (-8)/(-4) + v?
3, 41
Let q = 207 + -112. List the prime factors of q.
5, 19
Let p(c) = -387*c**3 + 3*c**2 + 3*c + 1. What are the prime factors of p(-1)?
2, 97
What are the prime factors of (12/(-10))/(-2) + 3267/55?
2, 3, 5
Suppose -c - 29 = d, -5*c + d + 41 = 192. Let f = c + 56. List the prime factors of f.
2, 13
Suppose -10*z = -2*z - 40. Suppose z*v = 245 + 120. List the prime factors of v.
73
Let x be (1*(-3 + 2) - 1) + 4. Suppose -5*w = -2*h + 66 + 102, -x*w = -4. What are the prime factors of h?
89
Let l = -6 - -11. Suppose 4*s = -l*n + 2*n + 1, -25 = 5*n. Suppose -115 = -u - s*u. What are the prime factors of u?
23
Suppose 0 = q + 2*q, -q = 4*k - 1560. Suppose 175 = 5*m - k. List the prime factors of m.
113
Let r(p) = -p**2. Let m(j) be the first derivative of j**3/3 + j**2/2 + 1. Let o(y) = 6*m(y) + 5*r(y). What are the prime factors of o(-8)?
2
What are the prime factors of 242 + (4/1 - (3 - -1))?
2, 11
Let s(y) = -5*y**3 + y**2 + 1. List the prime factors of s(-3).
5, 29
Let f = -31 + -8. Let x = 13 - f. Suppose 4*p = 2*p + x. What are the prime factors of p?
2, 13
Let y = 1 - -15. Let z be 4/y - 971/(-4). Let t = -172 + z. List the prime factors of t.
71
Let z(x) = 131*x**2 - 20*x + 34. What are the prime factors of z(4)?
2, 5, 41
Let p = 85 + -116. Let q be (7 - 4)/(1/24). Let d = p + q. List the prime factors of d.
41
Suppose 11535 = 43*a - 78206. What are the prime factors of a?
2087
Let d = 2652 - 1266. Suppose 7*g - d = -322. List the prime factors of g.
2, 19
Let t = 0 - -2. Let g = -45 - -51. Suppose g = -v + t, 0 = -4*a - v + 144. List the prime factors of a.
37
Let m = 5 + 3. Let j be ((-65)/(-4))/((-2)/m). Let v = -37 - j. List the prime factors of v.
2, 7
Let a(j) = 2 - 3 - 2*j + 2 + 5*j**2. Let f be a(-2). List the prime factors of (f/(-1) - 0)/(-1).
5
Suppose -3*j + 1372 + 701 = 0. What are the prime factors of j?
691
Let a = 859 - -2012. List the prime factors of a.
3, 11, 29
Suppose -2*l + 2*d + 162 = 0, -2*l + 4*d + 84 = -l. Suppose 4*r = 5*r - l. List the prime factors of r.
2, 5
List the prime factors of ((-2)/(-14)*-4)/(204/(-350574)).
2, 491
Let w(u) = u**2 - u + 0*u + 3 + 0 + 5*u. Suppose -2*v - 6 = -v. What are the prime factors of w(v)?
3, 5
What are the prime factors of (-75)/(-60) - (-14172)/16?
887
Suppose n = -3*n + 24. Let j be (4/(-8))/(1/n). What are the prime factors of 1*(-17)/(j/3)?
17
Let x(i) = -2*i + 39. Let k be x(19). List the prime factors of (-2)/((3 + k)/(-148)).
2, 37
Let q = 90 - 135. What are the prime factors of -3*q/27*10/1?
2, 5
Let u be (196/105)/(-14) - 4/(-30). Suppose u = -2*z + 3*d + 101, -67 = 5*z - 3*d - 333. What are the prime factors of z?
5, 11
Let k(w) = -2*w. Let y be k(-2). Suppose 2*n + t + 381 = -3*n, -y*n + 5*t = 299. Let u = -41 - n. What are the prime factors of u?
5, 7
Let d be 15/(-90) + 1/6. Suppose d = -19*p + 24*p - 40. What are the prime factors of (-2 + 0)*(-276)/p?
3, 23
Suppose 0 = 3*a - 13 + 4. Suppose -a*t = -7*t + 144. List the prime factors of t.
2, 3
Let y(p) = 0 + 6*p - 5 + 1. List the prime factors of y(7).
2, 19
Suppose 5*t - 1263 = 17. Let c = t + -82. List the prime factors of c.
2, 3, 29
Let h(p) = -2*p**2 + 5 + 4*p**2 + 2*p**2 - 10*p - 5*p**2. Suppose 0 + 14 = -2*a. List the prime factors of h(a).
2, 13
Let i = -9 + 5. Let u be (-22)/11*2/i. List the prime factors of (-168)/(-8) - 2*u.
19
Let f be ((-54)/36)/(6/(-16)). Suppose -5 = f*r - r + 4*m, -4*r - 7 = 5*m. What are the prime factors of r/((-12)/16) + 1?
5
Suppose p + 0*p = 2*b + 168, -p + 4*b = -168. List the prime factors of p.
2, 3, 7
Let k(l) = 2*l + 28. Let j be k(9). Let p = 106 - j. List the prime factors of p.
2, 3, 5
Let w = -10 + 8. Let y be w/((-5)/(540/(-8))). List the prime factors of (-411)/y + 2/(-9).
3, 5
List the prime factors of (-4 + -1)*(-39636)/135.
2, 367
Let d(i) = 55*i**2 + 28*i + 16. What are the prime factors of d(-5)?
3, 139
Let x(v) = 2 - v**2 + 2*v + 1 + 11. List the prime factors of x(0).
2, 7
Suppose 21 = -12*z + 5*z. What are the prime factors of ((-13)/z + (-3 - 1))*609?
7, 29
Suppose -10*n + 3529 = 739. What are the prime factors of n?
3, 31
Let d(w) = 3*w - 17. Let p be 40/16*(5 + -1). What are the prime factors of d(p)?
13
Suppose 3*d = 321 + 108. List the prime factors of (-2)/(-2) + d + -7 + 3.
2, 5, 7
Suppose 7*s - 1 = 6. Let o be s/3*(-48)/(-4). Suppose -2*c = 4*k - 9*k + 245, o*c - 98 = -2*k. List the prime factors of k.
7
Suppose -4*v = 23 + 41. List the prime factors of (-2)/(-16)*-38*v.
2, 19
Let z(k) = -38*k**3 - 4*k - 14. What are the prime factors of z(-3)?
2
Suppose 11*o = 10*o + 23. Let y = o - 14. Suppose y*p = 13*p - 212. List the prime factors of p.
53
Let f(d) = d**3 - 19*d**2 + 31*d + 22. List the prime factors of f(19).
13, 47
Let j(l) = 2*l**2 - l + 46. What are the prime factors of j(6)?
2, 7
Let b(a) = 118*a + 192. List the prime factors of b(14).
2, 461
Let u(q) = q**3 - 14*q**2 - 5*q + 27. Let d be u(15). Let n = -109 + d. List the prime factors of n.
2, 17
Let d(f) = -f**3 + 35*f**2 - 26*f + 114. What are the prime factors of d(34)?
2, 193
Let j = 39 - 70. Let a = 34 + 22. Let r = a + j. What are the prime factors of r?
5
Suppose 47*v = -17*v + 51904. What are the prime factors of v?
811
Let d(r) = -r - 3. Let k be d(6). Let t(c) = 2*c**2 + 5*c + 22. Let f(o) = o**2 + 2*o + 11. Let s(i) = -7*f(i) + 4*t(i). List the prime factors of s(k).
2, 19
Let g = -18 + 12. Let p be (-1 + 0)/(g/96). Suppose l = -l + p. What are the prime factors of l?
2
Let b be 2 - (-4 - -3) - (234 - 2). Let p = -163 - b. What are the prime factors of p?
2, 3, 11
Let x(i) = -2*i - 2*i + 0*i - 1 + i. Let k be x(-2). Suppose c + k = 28. What are the prime factors of c?
23
Let y(i) = -3*i**2 + 107*i + 36. Let t be y(36). Suppose 0 =